**2 + 6. Let h(r) = 3*r**2 - 9*r + 1. Let p(y) = 2*g(y) - h(y). What is p(-5)?
-9
Let i(y) be the second derivative of -y**5/20 - 7*y**4/12 + 5*y**3/6 - 11*y**2/2 + 666*y. What is i(-6)?
-77
Let g(l) = l. Let k(a) be the first derivative of a**2 + a + 188. Let i(v) = -9*g(v) + 4*k(v). Give i(5).
-1
Let b(v) = -v**2 + v. Let q(l) = l**3 - 6*l**2 - 21*l - 23. Let y be q(10). Suppose 0 = -5*m - 163 - y. Let x = -63 - m. Determine b(x).
-6
Let l(t) be the second derivative of t**3/6 - 3*t**2 - 5*t + 1. Suppose -5*q - 4250 = -2*f, q - 2*q + f - 853 = 0. Let s be q/104 + 4/26. Give l(s).
-14
Suppose b + 4*b = 2540. Let s be (-6)/(-51) + b/17. Let v = s + -32. Let j(k) = -k**2 + k + 1. Calculate j(v).
-5
Let d be 17 + 1 + 1 + 0. Let j be (-2)/4 + d/2. Let o(v) = -31*v - 11. Let i(m) = 22*m + 8. Let x(h) = 7*i(h) + 5*o(h). Give x(j).
-8
Let k(o) = -o**2 + 18*o - 1. Let i be 45/(-20)*(-40)/6. Suppose 68 = i*d - 202. Give k(d).
-1
Suppose -4*y - 2*j = 12, y - 133*j + 128*j = -47. Let t(z) = z**3 + 6*z**2 + z + 35. Calculate t(y).
-21
Let r be ((-12)/(-20))/(3/15 + 0). Let d be 492/72 + -2*(-3)/36. Let j(w) = -27*w + 4*w + d*w + 13*w. Calculate j(r).
-9
Let b(h) = -6*h**2 - 14*h - 4. Let s be (-46)/10 - (-344)/215. Determine b(s).
-16
Let q(i) be the third derivative of -i**4/3 - i**3/6 - i**2 - i - 270. Suppose -4*l + 8 = -8*l. Calculate q(l).
15
Let u(j) be the third derivative of -1/120*j**6 + j**2 - 20*j - 1/8*j**4 + 5/3*j**3 + 0 + 7/60*j**5. Calculate u(7).
-11
Let f(v) be the third derivative of -v**5/60 - 11*v**4/12 - 79*v**3/6 - 126*v**2 - v. Give f(-5).
6
Let v(h) be the first derivative of 3*h**2/2 - h - 5986. Suppose -2*p - 2*x - x = -4, 0 = -2*p - 5*x + 12. What is v(p)?
-13
Let l(b) = 2*b - 6*b**2 + 3 - 3*b**2 - b**3 + 6*b**2. Suppose 232*r + 129 = 189*r. Calculate l(r).
-3
Let q be 4*1/6*30/(-20). Let n be (q - (-2)/3)/(30/810). Let c(h) = -h**3 - 10*h**2 - 11*h - 13. Calculate c(n).
5
Let c(s) = -4*s - 3. Let d(w) be the first derivative of -2*w**2 - 4*w - 159. Let j(i) = 5*c(i) - 6*d(i). Determine j(-6).
-15
Let m(w) be the first derivative of -w**3/3 - w**2/2 + w + 569. Suppose 2*p = -0*p + 2. Let k be -2 - (3 + -1 - p). Calculate m(k).
-5
Let r(m) = -9 - 16 + 4 + 26 + 5*m. Let d(f) = -8*f - 9. Let j(i) = -3*d(i) - 5*r(i). Determine j(-3).
5
Let a(s) = 3*s + 77. Let y be a(-25). Suppose -4*q = 12, 2*g - y*q = g - 102. Let i = g + 115. Let t(z) = z - 7. What is t(i)?
0
Suppose 18*c = -4*c + 5*c. Let k(b) be the first derivative of 3 - 1/4*b**4 + 13*b - 1/2*b**2 + 0*b**3. Determine k(c).
13
Let q(s) be the first derivative of 9*s**2/2 - 112*s - 4275. Calculate q(13).
5
Suppose -4*r = -n, 3*n - 4*r - 4 = 4. Suppose n*j + j = -5. Let x(p) = 27*p - 23*p + 13 - 12. Give x(j).
-3
Let t(g) = -2*g**2 + 23*g + 9. Let r(m) = 4*m**2 - 54*m - 17. Let k(q) = 4*r(q) + 9*t(q). What is k(-6)?
-5
Suppose 4*p = 5*m + 384, m = -p - 2*m + 79. Let k(c) = p*c + 84*c + 6 - 272*c + 83*c + 2*c**2. Calculate k(5).
-14
Let n(k) = -25*k**3 + 2*k**2 - 1252*k - 8*k**3 + 34*k**3 + 1249*k. Let g = -1 - -4. Determine n(g).
36
Let f(r) = 168*r - 5. Let s be f(0). Let h(v) = v**2 + 17*v + 1. Give h(s).
-59
Let h(n) = 65*n**2 + 13*n + 46. Let a(i) = 193*i**2 + 38*i + 119. Let j(l) = 3*a(l) - 8*h(l). Determine j(1).
58
Let o(y) = 20755*y**3 - y - 41516*y**3 + 20760*y**3 + 6*y**2 + 16. What is o(6)?
10
Let r be (268/1)/((-32)/(-24)). Let p = 201 - r. Let l(z) be the second derivative of -z**4/12 + z**3/6 + 2*z**2 + z. Calculate l(p).
4
Let o(c) be the third derivative of -1/2*c**3 - 10 + c**2 + 1/24*c**4 + 0*c. Suppose -i = 3*n, -4*i - 3*n = -0*n - 9. Determine o(i).
0
Let n be 27/9*(-1)/1. Let d(h) be the first derivative of -2*h**3/3 - 3*h**2/2 - 3*h - 1166. Give d(n).
-12
Let l(b) = b. Let m be (10/(-12))/(5/(-4))*3. Suppose 14 = -2*p - 5*j, -2*j - 7 = m*p + 1. Calculate l(p).
-2
Let u(l) be the third derivative of -l**7/1260 - l**6/80 + 3*l**5/40 - 35*l**4/8 + 2*l**2 - 4. Let r(h) be the second derivative of u(h). Calculate r(-5).
4
Let j(m) = 44*m**2 - 11*m + 14. Let w be j(2). Suppose 0 = 66*i - 54*i + w. Let r(s) = s + 22. Give r(i).
8
Let z(m) be the third derivative of -m**6/120 - m**5/6 - m**4/4 - 3*m**3/2 + 6230*m**2. Determine z(-9).
-36
Suppose 0 = 2*x + 118. Let q = -53 - x. Let b be (12/(-4))/(q/(-4)). Let u(y) = -2*y + 2. What is u(b)?
-2
Let a(b) = -86*b**3 + 85*b**3 + 84 + 98 - 41 - 60*b + 20*b**2 + 16*b. What is a(18)?
-3
Suppose -25*m - 1063 + 1038 = 0. Let f(g) = 7*g**2 + 8*g + 6. Give f(m).
5
Let s(w) = -6*w**3 - 2*w**2 - 2*w - 2. Let f = 51 + -45. Suppose -18 = 2*z + 4*d + f, 4*d + 30 = -5*z. Determine s(z).
42
Let z(o) be the second derivative of -o**7/840 + o**6/72 + o**5/24 - o**4/4 - 10*o**3/3 + 2*o + 47. Let v(f) be the second derivative of z(f). Determine v(6).
-12
Let o(j) = -103*j + 1231. Let t be o(12). Let l(a) = a**3 + 7*a**2 + 3*a - 27. Calculate l(t).
8
Let y(d) = -2*d**2 + 19*d + 10. Let k(v) = -4*v**2 + 28*v + 1. Let q(f) = -f**2 + 6*f - 1. Let b(h) = -k(h) + 3*q(h). Let x(l) = -5*b(l) - 3*y(l). What is x(9)?
8
Let q(z) be the third derivative of z**5/60 + z**4/12 + 7*z**3/6 - 783*z**2. Determine q(-5).
22
Let c be -28*((-3)/(-8))/((-6)/4). Let n(f) = -2 + c + 3*f + 5 - 4. Suppose -4*t - 5*d = 30, -5*d = 3*t - 11 + 36. Calculate n(t).
-9
Let u be 1/(((-14)/392)/(2/(-8))). Suppose -u*q + 92 = 15. Let n(y) = -y**2 + 12*y - 13. Calculate n(q).
-2
Let t(i) be the first derivative of i + 20 - 2*i**2 + 8 + 6*i**2. What is t(-1)?
-7
Let s(z) = -z**3 - z**2 - z + 1. Let v(y) = 5*y**3 + 14*y**2 + 3*y - 6. Let u(g) = -6*s(g) - v(g). Give u(7).
-28
Let y(r) = -8*r**2 + 61*r - 3. Let m(i) = 231*i + 1393. Let s be m(-6). Give y(s).
32
Let u(a) = -6062*a**2 + 26*a + 6061*a**2 + 26 + 9. Give u(27).
8
Suppose 0 = -3*t - 3*h + 30, 2*t + 2*h - 10 = t. Suppose 2*o + 4 = t. Suppose 0 = 4*n - 4*c, -2*n = -0*n + o*c - 20. Let v(q) = q**2 - 4*q + 3. Give v(n).
3
Let l(f) = f - 17. Let z be l(17). Let j(y) = -16*y + 14. Let q(v) = -11*v + 12. Let c(i) = 2*j(i) - 3*q(i). Determine c(z).
-8
Let c(b) = 4*b - 8. Let k(l) = -l**2 + l + 66. Let y be k(6). Let m be 12/(32/18 + 8/y). What is c(m)?
16
Let f = 63 + -59. Suppose -74 + 206 = -f*k. Let b = -26 - k. Let x(z) = z**2 - 7*z - 9. What is x(b)?
-9
Suppose 5*n - 119*n - 1482 = 0. Let l(z) = z + 7. Determine l(n).
-6
Let v(p) be the third derivative of -p**4/6 - p**3/2 - p**2. Suppose -8*i + 21 - 405 = 0. Let g be 50/(-12) + ((-40)/i)/5. Give v(g).
13
Let u(h) = h**3 + 6*h**2 - 32*h - 22. Let n(g) = -2*g**2 + 71*g + 846. Let c be n(45). Determine u(c).
23
Let n(z) = -z**3 + 3*z**2 + 4*z - 1. Let v be n(-2). Let t = v + 5. Let c(j) = 2*j - 5*j + 16 - t. Determine c(-2).
6
Let s(z) = -44 - 38 + 80*z + 125 - 44. Determine s(1).
79
Let k(o) be the second derivative of -o**5/60 - o**4/6 + 11*o**3/6 + 35*o**2 + 5*o. Let r(y) be the first derivative of k(y). What is r(-5)?
6
Let l(g) = 25*g**3 - 3*g**2 + 3*g - 1. Let s(q) = 11*q**3 - 103*q**2 + 35*q + 10. Let j be s(9). Determine l(j).
24
Let j(m) = -5*m - 10. Let i be j(-8). Let f = -393 + 438. Let w be 10/6 - i/f. Let k(y) = 11*y**2 + 2*y - 1. Determine k(w).
12
Let m be (-2)/(-14) + (-275)/(-35). Let k(q) = m*q - 30*q**2 - 30*q**2 + 61*q**2 - 3. Determine k(-7).
-10
Let y(q) = q**2 - q - 4. Let t(c) = -c**3 - 2*c**2 + c. Let u(x) = 3*x**3 + 24*x**2 - 25*x - 37. Let w(m) = -2*t(m) - u(m). Let o be w(-21). Determine y(o).
26
Let l(v) = 5*v - 96. Let s = -4884 - -4903. What is l(s)?
-1
Let a(s) = -s**3 + 0*s**2 - 1 + 1 + s**2 - 3 - s. Suppose 3*w + 1898 = -4*l, -747 = 5*l - 4*w + 1641. Let v = -476 - l. Calculate a(v).
-3
Let n(z) = z**2 + 11*z + 5. Suppose 0 = -3*j + 41 - 1004. Let x = 317 + j. Calculate n(x).
-23
Let k(t) = -487*t - 54 + 619*t - 135*t. Give k(-20).
6
Let a(l) = -2*l - 5. Let h = 145 + -143. Suppose 4*g + 8*j - 13*j = -14, h*g + j + 14 = 0. What is a(g)?
7
Let c(h) = h**3 - 2*h**2 - h + 3. Suppose -u - 5*w - 400 = 0, 4*u - 208 + 1776 = -4*w. Let o = u + 393. Calculate c(o).
9
Let m(u) be the third derivative of 0*u + 11/6*u**3 + 34*u**2 - 1/4*u**4 + 0 + 1/360*u**6 - 1/30*u**5. Let a(x) be the first derivative of m(x). What is a(6)?
6
Let f(z) = -z**2 - 11*z - 21. Let l be f(-6). Let v(s) = -8*s + 62. Let h be v(l). Let a(w) be the second derivative o